 Let h(y) = 16*y + 22. Let z(v) = -11*d(v) + 2*h(v). Let t(g) = l*z(g) - r(g). Determine t(-5).
3
Suppose -a + 2 = 4, -4*h + a - 14 = 0. Let q(k) = k**3 + 1 + 18918*k**2 + 3*k - k + 3 - 18914*k**2. Determine q(h).
-4
Let h(x) = -x**3 - 8*x**2 + 7*x + 6. Let s(o) = o**3 - 9*o**2 - 13*o - 6. Let j be s(11). Let t = -102 + j. Calculate h(t).
24
Let y(j) = j**3 - 3*j**2 + 2*j - 4. Let a be y(3). Let w(i) be the third derivative of -i**4/12 - i**3/6 - 3347*i**2. What is w(a)?
-5
Let a(w) be the first derivative of -w**3/3 + 3*w**2/2 + 10*w - 1895. Give a(-3).
-8
Let i(s) = s - 3. Let l(y) = 11*y + 3 - 2 + 3 - 13*y. Let g(n) = 11*i(n) + 6*l(n). What is g(-8)?
-1
Let j = -2 + 5. Let r(a) be the third derivative of -a**7/5040 + a**6/144 + 13*a**5/10 - 4*a**2 - 6*a. Let w(z) be the third derivative of r(z). Give w(j).
2
Let o be (0 - -18)*(-204)/(-306). Let z(d) = -3 - 8 + 16*d - 28*d + d**2. What is z(o)?
-11
Let j(v) = -v**2 - 16*v - 30. Let g = -18494 + 18482. Determine j(g).
18
Let v(b) = -4*b**2 + 2*b**2 - b + b**2 + 5. Let l be 0/(2/((-66)/(-9) - 8)). Determine v(l).
5
Suppose 663*t - 664*t + 3 = 0. Let d(r) = r**3 - 17*r**2 - 13*r - 16. Let n(k) = -k**3 + 18*k**2 + 12*k + 17. Let m(x) = t*d(x) + 2*n(x). Calculate m(16).
2
Let y(h) be the second derivative of -h**7/140 - h**5/60 + h**4/24 - h**3/6 - 3*h**2 + 127*h. Let c(w) be the second derivative of y(w). What is c(1)?
-7
Let r(z) = z**3 - z**2 + z - 3. Let d(w) = -2*w**2 + 16*w + 4. Let b be d(8). Suppose 5*a + 3*v - 2 + 5 = 0, 0 = 2*a - 4*v - b. Give r(a).
-3
Let d(h) = -h**3 - 5*h**2 + 3*h + 11. Suppose 37*q = 39*q - 5*s + 20, q + 1 = -2*s. What is d(q)?
-4
Suppose 5*x = -v + 118, -6*x = -7*x - v + 26. Let d(o) = -o**2 + 20*o + 45. Calculate d(x).
-24
Let x(q) = 7*q**2 - 8*q - 19. Let h(g) = 4*g**2 - 4*g - 10. Let l(z) = 5*h(z) - 3*x(z). Suppose f + 218 - 220 = 0, -4*f = 4*c - 44. Give l(c).
-38
Let v(j) = 18*j**3 - j**2 + 1. Let l(x) = x - 20. Let f be l(14). Let u be 5/2*f/45*-21. Suppose 2*g + 12*t = 11*t - u, 16 = 4*g - 4*t. What is v(g)?
-18
Let k be -10*-6*2/10. Suppose 0 = z - k + 10. Let o(p) = 4*p + 6*p**z - p**3 + 2 + 3 - 3. Give o(7).
-19
Let t be 5*(-16)/32*8/(-10) + 4. Let d(s) = s**2 + 5*s - 1. Calculate d(t).
65
Let j(o) = -22*o + 4. Let g(n) = -13*n + 3. Let c(d) = 7*g(d) - 5*j(d). Let s = 24 + -22. Give c(s).
39
Let c(q) = 2*q**2 - q + 2. Let d(p) = p**2 - p + 2. Suppose -6*s - 14 = -13*s. Let v(t) = s*c(t) - 3*d(t). Let i be 0/(-4 - -1) + -3. Give v(i).
4
Let j be (-100)/120 + (2/(-12))/1. Let x(o) = o**2 + 1. Let h(i) = 5*i**2 - i + 4. Let w(n) = j*h(n) + 4*x(n). Calculate w(4).
-12
Let f(m) = m**3 - m. Let j = 6 + -15. Let a be ((-81)/j + -8)*(0 + -1). What is f(a)?
0
Let v(i) be the second derivative of i**3/6 - 8*i**2 - 2992*i + 2. Calculate v(-34).
-50
Let l(d) = -d + 12. Let o be l(7). Let p(u) = -9 - 7*u + 0 + 1 - 4*u**2 + o*u**2. Let x(f) = f**3 + 12*f**2 + 8. Let a be x(-12). What is p(a)?
0
Let j(r) be the second derivative of r**4/6 - 31*r**3/6 - 13*r**2/2 - 28*r. Let v be j(16). Let i(a) = v*a - 5 - 4*a - 2*a + 9. What is i(6)?
-14
Let s = -58 + 63. Let g = s - 2. Let c(u) = 8*u**2 - 122*u - u**g + 124*u - 3*u**2 + 2 + 5. Give c(5).
17
Let a(q) = -q**2 + 13*q + 3. Let s be a(13). Suppose -s*b - 4*w + 2*w = 4, b + w = -3. Let r(u) = -u**2 + 2*u - 1. Calculate r(b).
-1
Let s(o) = -5 - 1946*o + 971*o - 11*o**2 + 976*o. What is s(2)?
-47
Let x be -1*8/10*(-225)/(-18). Let w be 1*-2 + (-190)/(100/x). Let k(a) = a**3 - 16*a**2 - 16*a - 9. What is k(w)?
8
Let c(j) be the third derivative of -j**5/60 + 13*j**4/24 - 3*j**3/2 + 39*j**2. Let m be c(15). Let v = -35 - m. Let q(h) = h + 4. Give q(v).
8
Let s = -7594 + 7599. Let q(k) be the third derivative of 0 + 3/2*k**3 + 1/60*k**s + 5/12*k**4 - 4*k**2 + 0*k. What is q(-6)?
-15
Let a(i) = -i**3 + 5*i**2 + 6*i + 2. Let g be a(6). Let j be (-34)/(-9) - g - (-14)/63. Let q(t) = -t**3 - 1 + 10*t - 7*t**j + 13 - 2. Calculate q(-8).
-6
Let h = 197 - 174. Suppose 0 = 3*b + 4*c - h, 4*b + c + 2*c = 26. Let z(g) = g**2 - 6*g + 3. Give z(b).
-2
Let h(b) = -25 + 91 - 27 + 3*b - 71 - 14. Calculate h(13).
-7
Let s(y) = -y**3 + y**2 + 2*y - 1. Let h be (-22)/7*(-63)/18. Let g(d) = d**3 - 11*d**2 - d + 13. Let v be g(h). Calculate s(v).
-1
Let b(q) = -q**3 + q. Let l(o) = -7*o**2 + 624*o - 89. Let c be l(89). What is b(c)?
0
Let x(f) be the second derivative of -1/2*f**2 - 2 - 1/6*f**3 + 29*f - 1/12*f**4. Give x(-3).
-7
Let q(g) = g - 1. Let u = -18329 - -18319. Give q(u).
-11
Suppose -6*x - 28 + 40 = 0. Let o(u) = -9*u + 11. Let a be o(x). Let k(r) be the third derivative of r**4/24 + 2*r**3/3 - r**2. Give k(a).
-3
Let x(k) = k**3 + 8*k**2 + 10*k + 16. Let m = -1431 - -1424. Give x(m).
-5
Let p(i) = 22 - 2 + 3*i**2 - 16 + 3*i. Calculate p(-3).
22
Suppose 5030*q = 5047*q + 187. Let w(m) = -11 + 9 - 12 - 3*m. Give w(q).
19
Let i(l) be the second derivative of -5*l**4/6 - l**3 - 3*l**2/2 - 5*l - 419. What is i(-4)?
-139
Suppose 252 = -5*i - 2*m, 24*m - 22*m - 164 = 3*i. Let x be (5/10)/((-2)/i). Let k(y) = y**3 - 14*y**2 + 11*y + 19. Calculate k(x).
-7
Let q(j) = -14*j + 12. Let r be (948/(-1106))/((-8)/52 - (-67)/182). Determine q(r).
68
Let h(q) = q**3 + 15*q**2 + 54*q - 1. Let x = 34404 - 34410. Determine h(x).
-1
Let d be -6*5/(-15) + (-2 - 22). Let v = d - -21. Let l(x) = -13*x**2 + 2*x + 1. What is l(v)?
-14
Let p(o) = 69*o**2 - 37*o**2 + 2 - 31*o**2 + 1 - o. Suppose 65 = -11*f + 24*f. Calculate p(f).
23
Suppose 7*y - 32 = -4*v + 9*y, -2*y = 0. Let b(f) be the first derivative of 7 + 1/3*f**3 + 9/2*f**2 + v*f. Give b(-6).
-10
Let y(a) = -13*a + 1. Let z(x) = -11*x + 1. Let o(k) = 4*y(k) - 6*z(k). Let l(d) = d - 1. Let c(f) = -4*l(f) + o(f). Determine c(-2).
-18
Let c(s) = 5*s - 7*s**2 + 7*s**2 + 6 - s**2. Let l = -34 - -48. Suppose 0 = -4*p - 5*m + l, 0*m + 26 = 4*p - m. Determine c(p).
0
Let k(m) = m**2 - 15*m - 5. Let t(v) = -3*v - 1. Let c(o) = 10*o**2 + 20*o + 1. Let y be c(-2). Let r(h) = y*k(h) - 5*t(h). Determine r(-1).
1
Let j(c) be the third derivative of c**5/60 - c**4/12 - 5*c**3/6 + 363*c**2. What is j(-3)?
10
Let v(t) = -t**3 - 10*t**2 + 12*t + 5. Let j be (266/(-35) - 0)*5/(-2). Suppose 2*x + 2*x - 4*b + 36 = 0, 4*b + j = -x. Calculate v(x).
-6
Let z(r) = 37*r + 18. Let v(p) = -8*p - 5. Let d(i) = -9*v(i) - 2*z(i). Let w = -21 + 28. Give d(w).
-5
Let d(p) = 3*p - 21. Let q be d(7). Suppose -4*m - 3*m + 35 = q. Suppose 8 = -m*r + 3. Let v(a) = 20*a**2 - 2*a - 1. Give v(r).
21
Let y(n) = -2*n**2 + 62*n + 7. Let v be y(19). Let l = -459 + v. Let d(c) = -3*c - 7. Let m(o) = 5*o + 10. Let k(s) = -8*d(s) - 5*m(s). Determine k(l).
2
Let h(x) be the first derivative of -x**4 + x**3/3 + x**2 + x - 1. Suppose -13*g + 44*g + 21 = -10. Give h(g).
4
Let w be 126/26 - (2214/(-351))/41. Let k(m) = m**3 - 5*m**2 - 5*m - 9. Give k(w).
-34
Let q(u) = -u**3 + 6*u**2 - 7*u + 9. Let s = -91 - -240. Let r = s + -144. Determine q(r).
-1
Let a = -48 + 54. Suppose -5*l - 2*i = -186, i - 3*i + a = 0. Suppose -2*k - k = -15, -3*k = -3*o - l. Let z(d) = -d**2 - 6*d - 6. Determine z(o).
-13
Let b(t) = -5*t + 132. Let h be 87966/2754 + (-1)/(-17) + 14/(-2). Calculate b(h).
7
Let k(m) = -m**2 - 9*m - 10. Let t be (-15 - -13) + -1*3 + 0. Let z be k(t). Let a(j) = -j**2 + 12*j - 10. What is a(z)?
10
Let h(x) be the second derivative of 2*x**3/3 - 5*x**2/2 - 314*x - 28. Let i be (-12)/(-5) + (-2)/5. Calculate h(i).
3
Suppose -5*w + 10 + 21 = 2*b, b = -w + 8. Let y(t) = 4*t**2 - t**3 + 379*t + 359*t - 14 + 376*t - 1106*t. Give y(w).
1
Let b(o) = -o**3 - 15*o**2 - 15*o - 20. Let p = 244 + -188. Suppose -143 = p*f + 641. Give b(f).
-6
Let z(u) = u. Suppose -40 + 46 = 2*v. Let w(j) = -4*j**2 - j**2 + 5 + 3*j**2 - 3*j**2 + j**v. Let q(t) = w(t) + 2*z(t). Determine q(4).
-3
Let c = 219 - 116. Let j = c - 76. Let t(n) = -28 + 55 - j - 3*n. What is t(3)?
-9
Suppose 8 = -4*n - 4*t, 2 = -5*t - 8. Suppose -10 = 3*y - 16. Suppose -2*s + 3*s + y*o = 8, o = n. Let b(j) = j**2 - 5*j - 11. Determine b(s).
13
Let n(x) = -6*x**3 + 8*x**2 + 11*x + 2. Suppose 1 = -4161*i + 4160*i. Give n(i).
5
Let x be (1/(-2))/((-1)/12). Let z be x + 1*(-3 - 0). Let p(t) = -17*t - 8. Let f(l) = 8*l + 4. Let d(y) = -7*f(y) - 3*p(y). Calculate d(z).
-19
Let x be 1/8 - (-30)/16. Let s(g